{"id":3568,"date":"2023-02-16T13:01:25","date_gmt":"2023-02-16T16:01:25","guid":{"rendered":"https:\/\/biancamachado.com.br\/blog\/?page_id=3568"},"modified":"2023-02-16T13:01:36","modified_gmt":"2023-02-16T16:01:36","slug":"book-bandas","status":"publish","type":"page","link":"https:\/\/biancamachado.com.br\/blog\/book-bandas\/","title":{"rendered":"Book de bandas: a melhor forma de registrar a carreira musical"},"content":{"rendered":"\n<p>O Studio Bianca Machado \u00e9 especializado em fotografia de bandas e m\u00fasicos, oferecendo uma experi\u00eancia personalizada e criativa para registrar momentos \u00fanicos. O Book de bandas \u00e9 uma das op\u00e7\u00f5es dispon\u00edveis para quem deseja registrar essa fase da carreira em imagens profissionais e de alta qualidade.<\/p>\n\n\n\n<p>Com o Book de bandas, \u00e9 poss\u00edvel capturar a identidade e o estilo da banda em um ensaio fotogr\u00e1fico, valorizando a imagem do grupo e ajudando a divulgar o trabalho. As fotos podem ser utilizadas em redes sociais, sites, materiais de divulga\u00e7\u00e3o e at\u00e9 mesmo na produ\u00e7\u00e3o de capas de \u00e1lbuns e outros materiais gr\u00e1ficos. Al\u00e9m disso, a sess\u00e3o de fotos \u00e9 conduzida pela fot\u00f3grafa Bianca Machado, que orienta a banda em rela\u00e7\u00e3o \u00e0s poses, composi\u00e7\u00f5es e estilo para garantir o melhor resultado poss\u00edvel. Agende j\u00e1 o seu Book de bandas e tenha fotos incr\u00edveis para divulgar sua m\u00fasica!<\/p>\n\n\n\n<p>Convidamos voc\u00ea a visitar nosso site para conferir nossos <a href=\"https:\/\/www.biancamachado.com.br\/bandasmusicaisprecos.html\">pre\u00e7os <\/a>para ensaios fotogr\u00e1ficos de bandas e m\u00fasicos. <a href=\"https:\/\/www.biancamachado.com.br\/bandasmusicaisprecos.html\">Clique no link <\/a>e confira!<\/p>\n\n\n\n<div class=\"wp-block-jetpack-tiled-gallery aligncenter is-style-rectangular\"><div class=\"tiled-gallery__gallery\"><div class=\"tiled-gallery__row\"><div class=\"tiled-gallery__col\" style=\"flex-basis:100.00000%\"><figure class=\"tiled-gallery__item\"><img decoding=\"async\" srcset=\"https:\/\/i0.wp.com\/biancamachado.com.br\/blog\/wp-content\/uploads\/2018\/02\/Ensaio-para-musicos-1024x576.jpg?strip=info&#038;w=600&#038;ssl=1 600w,https:\/\/i0.wp.com\/biancamachado.com.br\/blog\/wp-content\/uploads\/2018\/02\/Ensaio-para-musicos-1024x576.jpg?strip=info&#038;w=900&#038;ssl=1 900w,https:\/\/i0.wp.com\/biancamachado.com.br\/blog\/wp-content\/uploads\/2018\/02\/Ensaio-para-musicos-1024x576.jpg?strip=info&#038;w=1200&#038;ssl=1 1200w,https:\/\/i0.wp.com\/biancamachado.com.br\/blog\/wp-content\/uploads\/2018\/02\/Ensaio-para-musicos-1024x576.jpg?strip=info&#038;w=1280&#038;ssl=1 1280w\" alt=\"Ensaio de fotos para M\u00fasicos e Bandas em est\u00fadio\" data-height=\"720\" data-id=\"789\" data-link=\"https:\/\/biancamachado.com.br\/blog\/ensaio-de-fotos-para-musicos-e-bandas-em-estudio\/ensaio-para-musicos\/\" data-url=\"https:\/\/biancamachado.com.br\/blog\/wp-content\/uploads\/2018\/02\/Ensaio-para-musicos-1024x576.jpg\" data-width=\"1280\" src=\"https:\/\/i0.wp.com\/biancamachado.com.br\/blog\/wp-content\/uploads\/2018\/02\/Ensaio-para-musicos-1024x576.jpg?ssl=1\" data-amp-layout=\"responsive\"\/><\/figure><\/div><\/div><\/div><\/div>\n\n\n\n<p>Se voc\u00ea \u00e9 m\u00fasico ou integrante de uma banda e deseja registrar esse momento especial em uma sess\u00e3o de fotos profissional, a Bianca Machado Fotografia \u00e9 a escolha certa para voc\u00ea. N\u00f3s oferecemos uma experi\u00eancia personalizada e criativa para que voc\u00ea possa ter fotos incr\u00edveis que ajudar\u00e3o a divulgar seu trabalho.<\/p>\n\n\n\n<p>Para agendar sua sess\u00e3o de fotos, basta entrar em contato pelo whatsapp (11) 97107-1018. As fotos ser\u00e3o entregues em formato digital em alta resolu\u00e7\u00e3o profissional full frame, o que possibilita ter o material para banners, capas de cd, redes sociais, blogs dentre outras possibilidades de divulga\u00e7\u00e3o da banda.<\/p>\n\n\n\n<p>Para bandas com mais de 4 integrantes, consulte nosso or\u00e7amento acima de 2 integrantes. Al\u00e9m disso, o produtor da banda pode assistir a sess\u00e3o de fotos para orientar o fot\u00f3grafo em rela\u00e7\u00e3o \u00e0s necessidades do projeto.<\/p>\n\n\n\n<p>Os instrumentos musicais devem ser trazidos pela banda na sess\u00e3o de fotos e as roupas tamb\u00e9m, pois n\u00e3o fornecemos produ\u00e7\u00f5es. J\u00e1 o tratamento de imagens no Photoshop inclui um efeito aveludado na pele que corrige 60% dos detalhes. Entretanto, a retirada de cicatrizes, clareamento dos dentes e redu\u00e7\u00e3o de medidas n\u00e3o est\u00e3o inclusos.<\/p>\n\n\n\n<p>Se voc\u00ea tem urg\u00eancia na entrega do trabalho, podemos fornecer uma taxa de urg\u00eancia para entrega em 48 horas, mediante consulta do valor. N\u00f3s aceitamos parcelamento em at\u00e9 3x sem juros nos cart\u00f5es de cr\u00e9dito para compras no site.<\/p>\n\n\n\n<p>E por fim, durante a sess\u00e3o de fotos, voc\u00ea receber\u00e1 orienta\u00e7\u00f5es, poses e composi\u00e7\u00f5es orientadas pela fot\u00f3grafa Bianca Machado. Estamos dispon\u00edveis em per\u00edodo integral pelo whatsapp (11) 97107-1018 para esclarecer todas as suas d\u00favidas e fazer o agendamento da sua sess\u00e3o de fotos. Venha registrar o momento especial da sua banda com a Bianca Machado Fotografia!<\/p>\nVisite tamb\u00e9m nosso site: www.biancamachado.com.br\r\n(11) 97107-1018\r\n\r\nAtendemos as regi\u00f5es de S\u00e3o Paulo, Sorocaba, Ibi\u00fana, Piedade, Votorantim, Cotia, Itupeva, Jundia\u00ed, It\u00fa e Campinas","protected":false},"excerpt":{"rendered":"<p>O Studio Bianca Machado \u00e9<\/p>\n","protected":false},"author":1,"featured_media":0,"parent":0,"menu_order":0,"comment_status":"closed","ping_status":"closed","template":"","meta":{"_monsterinsights_skip_tracking":false,"_monsterinsights_sitenote_active":false,"_monsterinsights_sitenote_note":"","_monsterinsights_sitenote_category":0,"_joinchat":[],"footnotes":""},"class_list":["post-3568","page","type-page","status-publish","hentry"],"yoast_head":"<!-- This site is optimized with the Yoast SEO plugin v27.6 - https:\/\/yoast.com\/product\/yoast-seo-wordpress\/ -->\n<title>Book de bandas: a melhor forma de registrar a carreira musical - STUDIO BIANCA MACHADO<\/title>\n<meta name=\"description\" content=\"O Studio Bianca Machado \u00e9 especializado em fotografia de bandas e m\u00fasicos, oferecendo uma experi\u00eancia personalizada e criativa para registrar momentos \u00fanicos. O Book de bandas \u00e9 uma das op\u00e7\u00f5es dispon\u00edveis para quem deseja registrar essa fase da carreira em imagens profissionais e de alta qualidade.\" \/>\n<meta name=\"robots\" content=\"index, follow, max-snippet:-1, max-image-preview:large, max-video-preview:-1\" \/>\n<link rel=\"canonical\" href=\"https:\/\/biancamachado.com.br\/blog\/book-bandas\/\" \/>\n<meta property=\"og:locale\" content=\"pt_BR\" \/>\n<meta property=\"og:type\" content=\"article\" \/>\n<meta property=\"og:title\" content=\"Book de bandas: a melhor forma de registrar a carreira musical - STUDIO BIANCA MACHADO\" \/>\n<meta property=\"og:description\" content=\"O Studio Bianca Machado \u00e9 especializado em fotografia de bandas e m\u00fasicos, oferecendo uma experi\u00eancia personalizada e criativa para registrar momentos \u00fanicos. O Book de bandas \u00e9 uma das op\u00e7\u00f5es dispon\u00edveis para quem deseja registrar essa fase da carreira em imagens profissionais e de alta qualidade.\" \/>\n<meta property=\"og:url\" content=\"https:\/\/biancamachado.com.br\/blog\/book-bandas\/\" \/>\n<meta property=\"og:site_name\" content=\"STUDIO BIANCA MACHADO\" \/>\n<meta property=\"article:publisher\" content=\"https:\/\/www.facebook.com\/Studiobiancamachado\/\" \/>\n<meta property=\"article:modified_time\" content=\"2023-02-16T16:01:36+00:00\" \/>\n<meta property=\"og:image\" content=\"https:\/\/i0.wp.com\/biancamachado.com.br\/blog\/wp-content\/uploads\/2018\/02\/Ensaio-para-musicos-1024x576.jpg?ssl=1\" \/>\n<meta name=\"twitter:card\" content=\"summary_large_image\" \/>\n<meta name=\"twitter:label1\" content=\"Est. tempo de leitura\" \/>\n\t<meta name=\"twitter:data1\" content=\"3 minutos\" \/>\n<script type=\"application\/ld+json\" class=\"yoast-schema-graph\">{\"@context\":\"https:\\\/\\\/schema.org\",\"@graph\":[{\"@type\":\"WebPage\",\"@id\":\"https:\\\/\\\/biancamachado.com.br\\\/blog\\\/book-bandas\\\/\",\"url\":\"https:\\\/\\\/biancamachado.com.br\\\/blog\\\/book-bandas\\\/\",\"name\":\"Book de bandas: a melhor forma de registrar a carreira musical - STUDIO BIANCA MACHADO\",\"isPartOf\":{\"@id\":\"https:\\\/\\\/biancamachado.com.br\\\/blog\\\/#website\"},\"primaryImageOfPage\":{\"@id\":\"https:\\\/\\\/biancamachado.com.br\\\/blog\\\/book-bandas\\\/#primaryimage\"},\"image\":{\"@id\":\"https:\\\/\\\/biancamachado.com.br\\\/blog\\\/book-bandas\\\/#primaryimage\"},\"thumbnailUrl\":\"https:\\\/\\\/i0.wp.com\\\/biancamachado.com.br\\\/blog\\\/wp-content\\\/uploads\\\/2018\\\/02\\\/Ensaio-para-musicos-1024x576.jpg?ssl=1\",\"datePublished\":\"2023-02-16T16:01:25+00:00\",\"dateModified\":\"2023-02-16T16:01:36+00:00\",\"description\":\"O Studio Bianca Machado \u00e9 especializado em fotografia de bandas e m\u00fasicos, oferecendo uma experi\u00eancia personalizada e criativa para registrar momentos \u00fanicos. O Book de bandas \u00e9 uma das op\u00e7\u00f5es dispon\u00edveis para quem deseja registrar essa fase da carreira em imagens profissionais e de alta qualidade.\",\"breadcrumb\":{\"@id\":\"https:\\\/\\\/biancamachado.com.br\\\/blog\\\/book-bandas\\\/#breadcrumb\"},\"inLanguage\":\"pt-BR\",\"potentialAction\":[{\"@type\":\"ReadAction\",\"target\":[\"https:\\\/\\\/biancamachado.com.br\\\/blog\\\/book-bandas\\\/\"]}]},{\"@type\":\"ImageObject\",\"inLanguage\":\"pt-BR\",\"@id\":\"https:\\\/\\\/biancamachado.com.br\\\/blog\\\/book-bandas\\\/#primaryimage\",\"url\":\"https:\\\/\\\/i0.wp.com\\\/biancamachado.com.br\\\/blog\\\/wp-content\\\/uploads\\\/2018\\\/02\\\/Ensaio-para-musicos-1024x576.jpg?ssl=1\",\"contentUrl\":\"https:\\\/\\\/i0.wp.com\\\/biancamachado.com.br\\\/blog\\\/wp-content\\\/uploads\\\/2018\\\/02\\\/Ensaio-para-musicos-1024x576.jpg?ssl=1\"},{\"@type\":\"BreadcrumbList\",\"@id\":\"https:\\\/\\\/biancamachado.com.br\\\/blog\\\/book-bandas\\\/#breadcrumb\",\"itemListElement\":[{\"@type\":\"ListItem\",\"position\":1,\"name\":\"In\u00edcio\",\"item\":\"https:\\\/\\\/biancamachado.com.br\\\/blog\\\/\"},{\"@type\":\"ListItem\",\"position\":2,\"name\":\"Book de bandas: a melhor forma de registrar a carreira musical\"}]},{\"@type\":\"WebSite\",\"@id\":\"https:\\\/\\\/biancamachado.com.br\\\/blog\\\/#website\",\"url\":\"https:\\\/\\\/biancamachado.com.br\\\/blog\\\/\",\"name\":\"STUDIO BIANCA MACHADO\",\"description\":\"Estudio Fotografico, Ensaios e Books de foto profissional\",\"publisher\":{\"@id\":\"https:\\\/\\\/biancamachado.com.br\\\/blog\\\/#organization\"},\"potentialAction\":[{\"@type\":\"SearchAction\",\"target\":{\"@type\":\"EntryPoint\",\"urlTemplate\":\"https:\\\/\\\/biancamachado.com.br\\\/blog\\\/?s={search_term_string}\"},\"query-input\":{\"@type\":\"PropertyValueSpecification\",\"valueRequired\":true,\"valueName\":\"search_term_string\"}}],\"inLanguage\":\"pt-BR\"},{\"@type\":\"Organization\",\"@id\":\"https:\\\/\\\/biancamachado.com.br\\\/blog\\\/#organization\",\"name\":\"STUDIO BIANCA MACHADO\",\"url\":\"https:\\\/\\\/biancamachado.com.br\\\/blog\\\/\",\"logo\":{\"@type\":\"ImageObject\",\"inLanguage\":\"pt-BR\",\"@id\":\"https:\\\/\\\/biancamachado.com.br\\\/blog\\\/#\\\/schema\\\/logo\\\/image\\\/\",\"url\":\"https:\\\/\\\/i0.wp.com\\\/biancamachado.com.br\\\/blog\\\/wp-content\\\/uploads\\\/2021\\\/02\\\/cropped-logo-ml.jpg?fit=278%2C100&ssl=1\",\"contentUrl\":\"https:\\\/\\\/i0.wp.com\\\/biancamachado.com.br\\\/blog\\\/wp-content\\\/uploads\\\/2021\\\/02\\\/cropped-logo-ml.jpg?fit=278%2C100&ssl=1\",\"width\":278,\"height\":100,\"caption\":\"STUDIO BIANCA MACHADO\"},\"image\":{\"@id\":\"https:\\\/\\\/biancamachado.com.br\\\/blog\\\/#\\\/schema\\\/logo\\\/image\\\/\"},\"sameAs\":[\"https:\\\/\\\/www.facebook.com\\\/Studiobiancamachado\\\/\",\"https:\\\/\\\/www.instagram.com\\\/Studiobiancamachado\\\/\"]}]}<\/script>\n<!-- \/ Yoast SEO plugin. -->","yoast_head_json":{"title":"Book de bandas: a melhor forma de registrar a carreira musical - STUDIO BIANCA MACHADO","description":"O Studio Bianca Machado \u00e9 especializado em fotografia de bandas e m\u00fasicos, oferecendo uma experi\u00eancia personalizada e criativa para registrar momentos \u00fanicos. O Book de bandas \u00e9 uma das op\u00e7\u00f5es dispon\u00edveis para quem deseja registrar essa fase da carreira em imagens profissionais e de alta qualidade.","robots":{"index":"index","follow":"follow","max-snippet":"max-snippet:-1","max-image-preview":"max-image-preview:large","max-video-preview":"max-video-preview:-1"},"canonical":"https:\/\/biancamachado.com.br\/blog\/book-bandas\/","og_locale":"pt_BR","og_type":"article","og_title":"Book de bandas: a melhor forma de registrar a carreira musical - STUDIO BIANCA MACHADO","og_description":"O Studio Bianca Machado \u00e9 especializado em fotografia de bandas e m\u00fasicos, oferecendo uma experi\u00eancia personalizada e criativa para registrar momentos \u00fanicos. O Book de bandas \u00e9 uma das op\u00e7\u00f5es dispon\u00edveis para quem deseja registrar essa fase da carreira em imagens profissionais e de alta qualidade.","og_url":"https:\/\/biancamachado.com.br\/blog\/book-bandas\/","og_site_name":"STUDIO BIANCA MACHADO","article_publisher":"https:\/\/www.facebook.com\/Studiobiancamachado\/","article_modified_time":"2023-02-16T16:01:36+00:00","og_image":[{"url":"https:\/\/i0.wp.com\/biancamachado.com.br\/blog\/wp-content\/uploads\/2018\/02\/Ensaio-para-musicos-1024x576.jpg?ssl=1","type":"","width":"","height":""}],"twitter_card":"summary_large_image","twitter_misc":{"Est. tempo de leitura":"3 minutos"},"schema":{"@context":"https:\/\/schema.org","@graph":[{"@type":"WebPage","@id":"https:\/\/biancamachado.com.br\/blog\/book-bandas\/","url":"https:\/\/biancamachado.com.br\/blog\/book-bandas\/","name":"Book de bandas: a melhor forma de registrar a carreira musical - STUDIO BIANCA MACHADO","isPartOf":{"@id":"https:\/\/biancamachado.com.br\/blog\/#website"},"primaryImageOfPage":{"@id":"https:\/\/biancamachado.com.br\/blog\/book-bandas\/#primaryimage"},"image":{"@id":"https:\/\/biancamachado.com.br\/blog\/book-bandas\/#primaryimage"},"thumbnailUrl":"https:\/\/i0.wp.com\/biancamachado.com.br\/blog\/wp-content\/uploads\/2018\/02\/Ensaio-para-musicos-1024x576.jpg?ssl=1","datePublished":"2023-02-16T16:01:25+00:00","dateModified":"2023-02-16T16:01:36+00:00","description":"O Studio Bianca Machado \u00e9 especializado em fotografia de bandas e m\u00fasicos, oferecendo uma experi\u00eancia personalizada e criativa para registrar momentos \u00fanicos. O Book de bandas \u00e9 uma das op\u00e7\u00f5es dispon\u00edveis para quem deseja registrar essa fase da carreira em imagens profissionais e de alta qualidade.","breadcrumb":{"@id":"https:\/\/biancamachado.com.br\/blog\/book-bandas\/#breadcrumb"},"inLanguage":"pt-BR","potentialAction":[{"@type":"ReadAction","target":["https:\/\/biancamachado.com.br\/blog\/book-bandas\/"]}]},{"@type":"ImageObject","inLanguage":"pt-BR","@id":"https:\/\/biancamachado.com.br\/blog\/book-bandas\/#primaryimage","url":"https:\/\/i0.wp.com\/biancamachado.com.br\/blog\/wp-content\/uploads\/2018\/02\/Ensaio-para-musicos-1024x576.jpg?ssl=1","contentUrl":"https:\/\/i0.wp.com\/biancamachado.com.br\/blog\/wp-content\/uploads\/2018\/02\/Ensaio-para-musicos-1024x576.jpg?ssl=1"},{"@type":"BreadcrumbList","@id":"https:\/\/biancamachado.com.br\/blog\/book-bandas\/#breadcrumb","itemListElement":[{"@type":"ListItem","position":1,"name":"In\u00edcio","item":"https:\/\/biancamachado.com.br\/blog\/"},{"@type":"ListItem","position":2,"name":"Book de bandas: a melhor forma de registrar a carreira musical"}]},{"@type":"WebSite","@id":"https:\/\/biancamachado.com.br\/blog\/#website","url":"https:\/\/biancamachado.com.br\/blog\/","name":"STUDIO BIANCA MACHADO","description":"Estudio Fotografico, Ensaios e Books de foto profissional","publisher":{"@id":"https:\/\/biancamachado.com.br\/blog\/#organization"},"potentialAction":[{"@type":"SearchAction","target":{"@type":"EntryPoint","urlTemplate":"https:\/\/biancamachado.com.br\/blog\/?s={search_term_string}"},"query-input":{"@type":"PropertyValueSpecification","valueRequired":true,"valueName":"search_term_string"}}],"inLanguage":"pt-BR"},{"@type":"Organization","@id":"https:\/\/biancamachado.com.br\/blog\/#organization","name":"STUDIO BIANCA MACHADO","url":"https:\/\/biancamachado.com.br\/blog\/","logo":{"@type":"ImageObject","inLanguage":"pt-BR","@id":"https:\/\/biancamachado.com.br\/blog\/#\/schema\/logo\/image\/","url":"https:\/\/i0.wp.com\/biancamachado.com.br\/blog\/wp-content\/uploads\/2021\/02\/cropped-logo-ml.jpg?fit=278%2C100&ssl=1","contentUrl":"https:\/\/i0.wp.com\/biancamachado.com.br\/blog\/wp-content\/uploads\/2021\/02\/cropped-logo-ml.jpg?fit=278%2C100&ssl=1","width":278,"height":100,"caption":"STUDIO BIANCA MACHADO"},"image":{"@id":"https:\/\/biancamachado.com.br\/blog\/#\/schema\/logo\/image\/"},"sameAs":["https:\/\/www.facebook.com\/Studiobiancamachado\/","https:\/\/www.instagram.com\/Studiobiancamachado\/"]}]}},"jetpack-related-posts":[],"jetpack_sharing_enabled":true,"_links":{"self":[{"href":"https:\/\/biancamachado.com.br\/blog\/wp-json\/wp\/v2\/pages\/3568","targetHints":{"allow":["GET"]}}],"collection":[{"href":"https:\/\/biancamachado.com.br\/blog\/wp-json\/wp\/v2\/pages"}],"about":[{"href":"https:\/\/biancamachado.com.br\/blog\/wp-json\/wp\/v2\/types\/page"}],"author":[{"embeddable":true,"href":"https:\/\/biancamachado.com.br\/blog\/wp-json\/wp\/v2\/users\/1"}],"replies":[{"embeddable":true,"href":"https:\/\/biancamachado.com.br\/blog\/wp-json\/wp\/v2\/comments?post=3568"}],"version-history":[{"count":1,"href":"https:\/\/biancamachado.com.br\/blog\/wp-json\/wp\/v2\/pages\/3568\/revisions"}],"predecessor-version":[{"id":3570,"href":"https:\/\/biancamachado.com.br\/blog\/wp-json\/wp\/v2\/pages\/3568\/revisions\/3570"}],"wp:attachment":[{"href":"https:\/\/biancamachado.com.br\/blog\/wp-json\/wp\/v2\/media?parent=3568"}],"curies":[{"name":"wp","href":"https:\/\/api.w.org\/{rel}","templated":true}]}}